What is the hundred thousands digit of 390307?
3
What is the millions digit of 16875660?
6
What is the units digit of 475028?
8
What is the hundreds digit of 7338023?
0
What is the ten thousands digit of 926934?
2
What is the thousands digit of 656971?
6
What is the hundred thousands digit of 341437?
3
What is the thousands digit of 8360?
8
What is the units digit of 17382991?
1
What is the millions digit of 3305969?
3
What is the hundred thousands digit of 21008409?
0
What is the millions digit of 4102643?
4
What is the units digit of 9191416?
6
What is the hundreds digit of 3981181?
1
What is the units digit of 1530541?
1
What is the thousands digit of 1417369?
7
What is the thousands digit of 13711?
3
What is the thousands digit of 126870?
6
What is the hundreds digit of 872133?
1
What is the hundred thousands digit of 21280555?
2
What is the ten thousands digit of 816974?
1
What is the ten thousands digit of 312830?
1
What is the hundred thousands digit of 286644?
2
What is the ten thousands digit of 14859228?
5
What is the thousands digit of 1936499?
6
What is the thousands digit of 243050?
3
What is the hundred thousands digit of 264875?
2
What is the hundreds digit of 262717?
7
What is the thousands digit of 57314?
7
What is the tens digit of 1013036?
3
What is the units digit of 2532040?
0
What is the hundreds digit of 841169?
1
What is the thousands digit of 641598?
1
What is the millions digit of 5933928?
5
What is the ten thousands digit of 1631171?
3
What is the ten thousands digit of 706528?
0
What is the units digit of 4132843?
3
What is the ten thousands digit of 1212512?
1
What is the hundred thousands digit of 1328024?
3
What is the ten thousands digit of 3499750?
9
What is the ten thousands digit of 1916207?
1
What is the tens digit of 1298299?
9
What is the units digit of 11886653?
3
What is the hundreds digit of 1158710?
7
What is the tens digit of 61295?
9
What is the thousands digit of 2830871?
0
What is the units digit of 1565290?
0
What is the millions digit of 1795696?
1
What is the millions digit of 1755683?
1
What is the hundreds digit of 26384?
3
What is the hundreds digit of 23096?
0
What is the units digit of 6791347?
7
What is the thousands digit of 1183685?
3
What is the units digit of 536083?
3
What is the units digit of 36878?
8
What is the hundred thousands digit of 165036?
1
What is the units digit of 1751194?
4
What is the thousands digit of 6784956?
4
What is the hundred thousands digit of 16311088?
3
What is the units digit of 477139?
9
What is the ten thousands digit of 1983987?
8
What is the hundreds digit of 274771?
7
What is the hundreds digit of 4405276?
2
What is the hundred thousands digit of 41049617?
0
What is the thousands digit of 463038?
3
What is the hundred thousands digit of 1185872?
1
What is the ten thousands digit of 39809?
3
What is the units digit of 1666199?
9
What is the units digit of 97509?
9
What is the tens digit of 3772176?
7
What is the units digit of 257259?
9
What is the ten thousands digit of 274396?
7
What is the hundreds digit of 59838?
8
What is the ten thousands digit of 3352524?
5
What is the hundred thousands digit of 100418?
1
What is the hundred thousands digit of 6300704?
3
What is the tens digit of 1643731?
3
What is the ten thousands digit of 383971?
8
What is the units digit of 1024995?
5
What is the hundred thousands digit of 454165?
4
What is the thousands digit of 10804610?
4
What is the units digit of 18723964?
4
What is the hundreds digit of 5866866?
8
What is the ten thousands digit of 288462?
8
What is the units digit of 3811040?
0
What is the thousands digit of 40457?
0
What is the hundred thousands digit of 659666?
6
What is the ten thousands digit of 1258284?
5
What is the millions digit of 1452703?
1
What is the units digit of 1611939?
9
What is the units digit of 2592606?
6
What is the millions digit of 1199419?
1
What is the hundreds digit of 231684?
6
What is the ten thousands digit of 194243?
9
What is the hundred thousands digit of 16496294?
4
What is the millions digit of 7517564?
7
What is the hundreds digit of 963767?
7
What is the millions digit of 3797168?
3
What is the hundreds digit of 3990?
9
What is the units digit of 334997?
7
What is the hundreds digit of 5891491?
4
What is the units digit of 225819?
9
What is the units digit of 1834033?
3
What is the hundred thousands digit of 1206180?
2
What is the units digit of 277271?
1
What is the hundred thousands digit of 1208832?
2
What is the hundred thousands digit of 541870?
5
What is the thousands digit of 242951?
2
What is the ten thousands digit of 1395938?
9
What is the millions digit of 2299702?
2
What is the hundreds digit of 1874434?
4
What is the ten thousands digit of 3657465?
5
What is the thousands digit of 461006?
1
What is the ten thousands digit of 7216234?
1
What is the thousands digit of 985423?
5
What is the tens digit of 4366031?
3
What is the millions digit of 22153095?
2
What is the ten thousands digit of 357491?
5
What is the thousands digit of 2842523?
2
What is the millions digit of 4858986?
4
What is the hundred thousands digit of 1590665?
5
What is the thousands digit of 142273?
2
What is the hundreds digit of 2655375?
3
What is the units digit of 398859?
9
What is the tens digit of 3862507?
0
What is the hundreds digit of 531876?
8
What is the ten thousands digit of 272498?
7
What is the units digit of 79371?
1
What is the hundreds digit of 559852?
8
What is the hundreds digit of 121835?
8
What is the units digit of 165357?
7
What is the tens digit of 466243?
4
What is the hundreds digit of 37357?
3
What is the units digit of 18237105?
5
What is the tens digit of 4580567?
6
What is the hundreds digit of 1433140?
1
What is the hundred thousands digit of 542270?
5
What is the millions digit of 5630926?
5
What is the ten thousands digit of 968595?
6
What is the thousands digit of 76762?
6
What is the hundreds digit of 4363485?
4
What is the hundred thousands digit of 1167933?
1
What is the hundreds digit of 240765?
7
What is the tens digit of 4329742?
4
What is the ten thousands digit of 3898995?
9
What is the tens digit of 27921530?
3
What is the millions digit of 18772618?
8
What is the hundreds digit of 269418?
4
What is the millions digit of 18358894?
8
What is the ten thousands digit of 255605?
5
What is the tens digit of 429901?
0
What is the thousands digit of 875779?
5
What is the hundred thousands digit of 7985609?
9
What is the thousands digit of 478677?
8
What is the thousands digit of 219017?
9
What is the tens digit of 419770?
7
What is the units digit of 721631?
1
What is the thousands digit of 11351777?
1
What is the thousands digit of 262468?
2
What is the units digit of 47637?
7
What is the thousands digit of 6469881?
9
What is the hundred thousands digit of 993670?
9
What is the hundreds digit of 1920?
9
What is the hundred thousands digit of 1938357?
9
What is the millions digit of 7191263?
7
What is the ten thousands digit of 3130878?
3
What is the ten thousands digit of 204021?
0
What is the thousands digit of 509060?
9
What is the millions digit of 4937865?
4
What is the ten thousands digit of 1869140?
6
What is the hundreds digit of 28790?
7
What is the thousands digit of 15045178?
5
What is the units digit of 659?
9
What is the thousands digit of 9176524?
6
What is the thousands digit of 938515?
8
What is the millions digit of 5054528?
5
What is the thousands digit of 957755?
7
What is the tens digit of 119754?
5
What is the hundred thousands digit of 4620508?
6
What is the ten thousands digit of 162083?
6
What is the units digit of 435116?
6
What is the units digit of 5432181?
1
What is the thousands digit of 2046992?
6
What is the hundreds digit of 106536?
5
What is the tens digit of 23645?
4
What is the thousands digit of 1273516?
3
What is the hundred thousands digit of 614361?
6
What is the tens digit of 10812179?
7
What is the thousands digit of 21992961?
2
What is the hundreds digit of 1883277?
2
What is the tens digit of 1298486?
8
What is the tens digit of 1295829?
2
What is the hundreds digit of 2918588?
5
What is the hundred thousands digit of 259384?
2
What is the tens digit of 73644?
4
What is the ten thousands digit of 2009275